a + 214 = 2*d, 3*a + 142 = 5*a + d. Calculate the greatest common factor of 42 and a.
14
Suppose 0 = -30*r + 14933 + 367. Calculate the highest common factor of r and 6.
6
Suppose 2 = 2*b, 25*y + 1125 = 29*y + 5*b. Calculate the highest common factor of y and 35.
35
Let n = 1465 - 1426. Let a = -36 + 75. What is the greatest common divisor of n and a?
39
Let j = 63 - 48. Suppose -5*v - 3*d = -90, -2*v = -d - 2*d - j. What is the highest common factor of 6 and v?
3
Let d be (-3)/9*3*0. Suppose 65 = 3*g + 5*r, -g + r + d*r + 19 = 0. Calculate the highest common factor of g and 220.
20
Let x(w) = w - 2. Let r be x(-3). Let v = -2 - r. What is the greatest common divisor of v and 9?
3
Let t(m) = 7*m**2 - 8*m + 5. Let i be t(6). Suppose 337 = 4*y + 261. What is the greatest common factor of y and i?
19
Let a(u) = -u**3 - 19*u**2 - 16*u + 66. Let q be a(-18). Let i = -6 + 9. Suppose -22 = -i*f + 8. Calculate the highest common divisor of f and q.
10
Suppose 2*x + 4 = 2. Let m be (154 + 1)*(1/(-1))/x. What is the highest common divisor of 31 and m?
31
Let g = 14 + 31. Suppose -7*l = -g - 109. Let u = -51 - -249. What is the greatest common factor of l and u?
22
Suppose 4*o - 24 = 2*u - 66, -u - 3*o = -26. Let j = u - -16. Suppose 5*y - 1 = 64. What is the greatest common factor of y and j?
13
Let w = 0 - -5. Suppose w*d - n - 40 = 0, 6*d + 4*n - 15 = d. Let v(t) = 2*t**3 - 2*t**2 - 6*t + 5. Let x be v(4). What is the highest common factor of d and x?
7
Suppose -7*l = -4*l + 2*v - 44, 4*l + 5*v - 54 = 0. What is the greatest common factor of l and 16?
16
Suppose 2*h = 98 + 280. Let b be (110/(-7))/((-27)/h). What is the highest common factor of 10 and b?
10
Suppose 9*i = -152 + 530. Let h be ((-6)/4)/(6/(-40)). Suppose -h = 5*b, q + 14 = 2*q - 4*b. What is the highest common divisor of i and q?
6
Suppose 20*f - 2544 = 4296. What is the greatest common divisor of f and 54?
18
Suppose -4*i = -4*m + 48, 60 - 50 = 2*i. What is the greatest common divisor of m and 1241?
17
Suppose 3*p - 10 = 62*v - 60*v, -4*v = -3*p + 2. Calculate the highest common factor of 486 and p.
6
Let a = 111 - 1. Let t be ((-2)/6 - a/(-15))*1. Calculate the highest common divisor of 63 and t.
7
Suppose 3959 = 13*m - 10*m - f, -2*m + 2637 = -3*f. What is the greatest common divisor of m and 33?
33
Let r(z) = 58*z + 46. Let q be r(5). What is the highest common factor of 16 and q?
16
Suppose -34*m - 7*m + 123 = 0. Suppose -4*o + 33 = -15. What is the greatest common divisor of o and m?
3
Let z(k) = -5*k - 7. Let x be z(-4). Let p = 5 - x. Let s = p - -16. Calculate the greatest common factor of 12 and s.
4
Let n = -390 - -586. Calculate the highest common factor of n and 56.
28
Let f(s) = 0*s**2 + 7*s + 1842 - 1848 - s**2 + 2*s**2. Let i = -11 - -2. Let k be f(i). Calculate the highest common divisor of 8 and k.
4
Let b be (13 + -12)*(2 + -1). What is the greatest common divisor of 11 and b?
1
Suppose -r + 3*r = 50. Suppose -3*c - r + 94 = -5*g, -4*c + 3*g + 81 = 0. Calculate the greatest common divisor of c and 27.
9
Suppose -39 = -20*n + 23*n. Let y(l) = -l + 27. Let b be y(n). What is the greatest common factor of b and 16?
8
Let w(d) = 15*d**2 + 5*d + 22. Let l be w(-6). Calculate the highest common divisor of l and 56.
28
Suppose -f = -u + 170, 0*u = -u - 3*f + 182. Let c = u - 92. Let n = -5 + 14. What is the highest common factor of n and c?
9
Suppose -3*n = 2*f + 3*f - 32, -4 = 4*n. What is the greatest common divisor of f and 1?
1
Let t = 5 - -3. Suppose 2*y - t*y = -96. What is the greatest common factor of y and 160?
16
Let i(n) = n**2 + n - 4. Let q be i(-5). Suppose 17 = 3*z - 7. Let l be (-24)/(-16)*z/6. Calculate the highest common divisor of q and l.
2
Let l = -414 + 282. Let x = -87 - l. Suppose 29 - 74 = -3*t. Calculate the highest common divisor of x and t.
15
Suppose -2*a + 58 = 3*a + 4*k, 4*a - 53 = -k. Suppose 0 = -0*p - 8*p + 1008. Calculate the highest common factor of p and a.
14
Let h be 5/15 - (-208)/6. Suppose 0*x + 5*x - h = 0. Suppose -5*w - 9 = 3*n, -2*n = -x*w + 3*w - 16. What is the greatest common factor of n and 16?
2
Let t = -112 + 160. Calculate the greatest common divisor of t and 64.
16
Suppose -93 = -3*o - 2*d, 5*d = 2 + 13. Suppose 6*x = -5*t + 337 + 6, -2*t - 292 = -5*x. What is the greatest common factor of x and o?
29
Let x(k) = k**2 + 7*k. Let u be x(8). Suppose 2*t - 16 = 6*t. Let b = t + 16. Calculate the highest common divisor of u and b.
12
Let z(t) = 5*t**3 - 4*t**2 + 5*t - 6. Let b be z(2). Calculate the highest common divisor of b and 28.
28
Suppose -2*t + 5*i = -3977 - 318, -5*t + 5*i = -10745. Calculate the greatest common divisor of t and 50.
50
Let u(p) = -p**3 + 13*p**2 - 16*p - 16. Let d be u(11). Calculate the highest common divisor of d and 200.
50
Let o be (-6)/10*30/(-6). Let j be 1/(o/(-12)) + 19. Let g = 97 - -23. What is the greatest common factor of g and j?
15
Suppose 20 = -4*h, 2*h - 7*h - 105 = -2*j. What is the greatest common divisor of 16 and j?
8
Let l be 114/4 - (-2)/(-4). Let c = 85 - l. Let n = -11 + c. Calculate the highest common factor of 23 and n.
23
Suppose 23*i - 13617 = 6485. Calculate the highest common divisor of i and 152.
38
Let y = 366 - 361. Let a(w) = -w**3 + 8*w**2 - 8*w + 9. Let q be a(7). Suppose o + q = 4. Calculate the highest common divisor of o and y.
1
Suppose 31*t = -8968 + 39565. What is the highest common factor of t and 21?
21
Suppose -n - 63 = -2*i, -i + 7*n + 31 = 6*n. What is the greatest common factor of 944 and i?
16
Let m(j) be the third derivative of j**5/30 + j**4/6 + 5*j**3/6 + j**2. Let p be m(5). Suppose -9*y = -139 - 86. What is the greatest common factor of p and y?
25
Suppose -689 = -7*b + 123. What is the greatest common divisor of 29 and b?
29
Let l = 2581 - 1237. Calculate the greatest common divisor of 21 and l.
21
Let l be (-1197)/9*(-7)/(98/100). Calculate the greatest common factor of l and 100.
50
Let c(d) be the first derivative of d**3/3 + d**2/2 + d - 3. Let b be c(0). What is the highest common divisor of b and 8?
1
Let s(m) = -3*m - 8. Let a be s(-5). Suppose 0 = -5*k + a + 58. Calculate the greatest common factor of 143 and k.
13
Suppose -4*a - 10*r + 13*r + 276 = 0, -2*r - 338 = -5*a. Calculate the greatest common factor of 231 and a.
33
Suppose 9*d - 200 = 4*d. Let z = -1466 + 44. Let n be 1/5 + z/(-90). What is the greatest common factor of n and d?
8
Let y(c) = 2*c**2 + 12*c - 17. Suppose -4*n + 2*p = 56, p = -6 + 4. Let o be y(n). What is the highest common factor of o and 23?
23
Suppose -316*q - 150 = -321*q. What is the highest common divisor of q and 375?
15
Let k = -477 + 489. Calculate the greatest common divisor of 39 and k.
3
Let i(s) = 286*s**2 - s - 2. Let d be i(-1). Suppose -65 = -2*g - f + 200, -2*g + 3*f = -d. What is the greatest common factor of g and 27?
27
Let o(h) = h**3 - 5*h**2 - 5*h - 2. Let l be o(6). Suppose 72*t = 51*t + 756. What is the greatest common factor of t and l?
4
Let a be 1237 - (-4 + (2 - -3)). What is the greatest common divisor of a and 12?
12
Let l = 34 + -28. Suppose 4*a + g = 41, -3*a + 2*g - 27 = -l*a. Calculate the greatest common divisor of a and 77.
11
Let c = -42 - -60. Let z be ((-1)/3)/(3/c)*-2. Suppose 0 = 3*f, 3*b - 4*b + 1 = -2*f. What is the greatest common divisor of b and z?
1
Let a(u) = 0 + 4*u - 2*u + u**3 - 8*u**2 - 8. Let l be a(8). Suppose 0*c = -4*c + l. What is the highest common divisor of 4 and c?
2
Let m(v) = -35*v - 552. Let w be m(-16). Calculate the greatest common factor of w and 388.
4
Let o = 115 - 102. Let f = -6 + o. Calculate the highest common factor of 77 and f.
7
Suppose -14*x - 12*x + 1430 = 0. What is the highest common factor of x and 20?
5
Let x(a) = 4*a**2 + 9*a + 1. Suppose 0 = 3*s - 2*s - 5. Suppose s*b + 46 - 16 = 0. Let j be x(b). Calculate the highest common factor of j and 13.
13
Let z(o) = -o**2 + 9*o + 14. Let i be z(10). Let q be 65/i - (-18)/(-72). Calculate the highest common factor of 32 and q.
16
Let y be (-30)/4*532/(-21). Let i be 23/((0 + -3)/(-3)). Suppose -2*v + 15 + i = 0. Calculate the greatest common divisor of v and y.
19
Suppose 64*g - 60*g = 4. What is the greatest common divisor of 17 and g?
1
Let r be 138*1 + 10*(-3)/6. What is the highest 